 number?
False
Is 9632297 a composite number?
True
Is 113335061 prime?
False
Is 10955687 a composite number?
False
Is 438742339 composite?
True
Is 33569771 composite?
False
Is 147032843 a composite number?
False
Is 4740961 prime?
True
Is 11456161 prime?
False
Is 13263167 composite?
False
Is 283391 a composite number?
True
Is 1953708637 composite?
False
Is 1915649 composite?
False
Is 3035273 a composite number?
False
Is 113897423 prime?
True
Is 99607 prime?
True
Is 6131711 a prime number?
False
Is 56980111 a composite number?
True
Is 5488921 a prime number?
True
Is 108431567 prime?
False
Is 752603 prime?
True
Is 9905185 prime?
False
Is 4313947 a composite number?
True
Is 15398737 composite?
True
Is 4989581 a composite number?
False
Is 5558563 prime?
True
Is 29828167 a prime number?
True
Is 14466794 composite?
True
Is 2775826 prime?
False
Is 2709767 a composite number?
False
Is 3935093 a composite number?
True
Is 138833351 a composite number?
False
Is 2016919 composite?
False
Is 5826577 prime?
True
Is 101628047 a prime number?
False
Is 10421569 prime?
True
Is 2239621 composite?
True
Is 3230659 a composite number?
False
Is 3029665 a prime number?
False
Is 65929739 a prime number?
True
Is 8629231 a composite number?
True
Is 2292287 prime?
False
Is 21881077 prime?
False
Is 6291557 a composite number?
True
Is 12616837 prime?
False
Is 59902838 prime?
False
Is 24021397 a composite number?
False
Is 12888889 a prime number?
False
Is 4694477 a prime number?
False
Is 6820511 prime?
True
Is 14506157 prime?
True
Is 23181799 prime?
False
Is 1980749 a composite number?
False
Is 2407187 a composite number?
True
Is 3855893 a composite number?
True
Is 5946181 composite?
False
Is 21232279 prime?
False
Is 11079403 prime?
False
Is 2765671 composite?
False
Is 10787629 composite?
False
Is 34997929 composite?
False
Is 54733207 prime?
True
Is 82152541 a composite number?
False
Is 48467326 a prime number?
False
Is 50033099 a composite number?
True
Is 89785643 composite?
True
Is 5236201 a prime number?
False
Is 5403133 prime?
True
Is 33579367 composite?
False
Is 19250843 composite?
True
Is 285384466 prime?
False
Is 288977 prime?
False
Is 2827753 a prime number?
True
Is 9790559 composite?
False
Is 98028431 composite?
True
Is 1550069 a composite number?
False
Is 15857827 composite?
True
Is 270211765 prime?
False
Is 631897 a prime number?
False
Is 29711617 composite?
True
Is 27704965 prime?
False
Is 612630041 prime?
True
Is 61678691 composite?
True
Is 1806527 a composite number?
False
Is 254647619 composite?
False
Is 134293871 composite?
False
Is 7929899 a composite number?
False
Is 1703113 a prime number?
True
Is 1652887517 a prime number?
True
Is 11222767 composite?
True
Is 188601091 a composite number?
True
Is 22709837 prime?
False
Is 87929269 composite?
True
Is 3503531 prime?
True
Is 15298463 prime?
True
Is 119186719 a prime number?
True
Is 882289 a composite number?
False
Is 827137 a composite number?
True
Is 104255791 a prime number?
True
Is 563287 a prime number?
True
Is 1273361041 prime?
True
Is 6928057 composite?
True
Is 48937 a composite number?
True
Is 178527229 a prime number?
True
Is 32198158 a composite number?
True
Is 663899 prime?
False
Is 31685351 a prime number?
False
Is 9227219 prime?
False
Is 4124621 a composite number?
False
Is 630809 a composite number?
True
Is 435749 prime?
False
Is 4875251 composite?
False
Is 23045219 prime?
True
Is 644951 composite?
False
Is 40737821 composite?
True
Is 4033167 composite?
True
Is 355098155 prime?
False
Is 1839059 prime?
True
Is 1023314909 a composite number?
True
Is 11701943 a prime number?
False
Is 1057087 prime?
True
Is 42490417 prime?
True
Is 5831491 prime?
False
Is 1754491 a prime number?
True
Is 2377779 prime?
False
Is 8125079 composite?
True
Is 7570201 composite?
False
Is 10673843 a prime number?
True
Is 544033409 a prime number?
True
Is 2273437 prime?
False
Is 19220447 a composite number?
True
Is 40238011 composite?
True
Is 12425119 a prime number?
False
Is 20454793 prime?
False
Is 264609979 prime?
False
Is 7449613 composite?
False
Is 140793643 composite?
True
Is 344265611 prime?
False
Is 24734603 prime?
False
Is 13484393 a composite number?
True
Is 4277233 composite?
True
Is 56482253 prime?
False
Is 2191369 a prime number?
False
Is 452953 prime?
True
Is 18469337 a composite number?
False
Is 1558967 a composite number?
False
Is 5199629 a composite number?
False
Is 156655117 a composite number?
False
Is 4085579 prime?
True
Is 660195347 a prime number?
False
Is 79225099 composite?
False
Is 1177615 prime?
False
Is 24663211 prime?
True
Is 866106911 a composite number?
True
Is 16629163 a composite number?
False
Is 5532809 a composite number?
True
Is 4734399 composite?
True
Is 10027393 prime?
True
Is 17185607 prime?
False
Is 26036657 a prime number?
True
Is 4978955 a composite number?
True
Is 4138269 a composite number?
True
Is 15160153 a composite number?
False
Is 23436263 composite?
True
Is 9143749 prime?
True
Is 1006123 composite?
False
Is 2846119 composite?
False
Is 27808879 composite?
True
Is 74332991 composite?
True
Is 3336049 prime?
False
Is 752089 a composite number?
True
Is 2957743 a prime number?
False
Is 23643197 a composite number?
False
Is 27682879 prime?
False
Is 902507 a composite number?
False
Is 52580747 a prime number?
True
Is 96011737 composite?
True
Is 33752867 a composite number?
True
Is 16359747 composite?
True
Is 9236083 composite?
True
Is 1415497 composite?
False
Is 13454921 prime?
True
Is 55558997 prime?
False
Is 99914981 prime?
True
Is 1127281 prime?
True
Is 11772223 a prime number?
False
Is 75013567 composite?
True
Is 3262531 a composite number?
False
Is 8167129 a composite number?
True
Is 78098069 composite?
True
Is 14089489 prime?
False
Is 440027 a prime number?
False
Is 9296423 a composite number?
True
Is 246976753 prime?
True
Is 1310263 a prime number?
False
Is 63175403 a composite number?
False
Is 7382833 a prime number?
True
Is 6068407 a prime number?
False
Is 89370629 composite?
False
Is 1363243 prime?
False
Is 36280103 prime?
False
Is 17443061 composite?
False
Is 1324171 composite?
False
Is 77195699 a prime number?
False
Is 37513538 composite?
True
Is 13719341 composite?
True
Is 1268947 composite?
False
Is 5434769 composite?
True
Is 96888683 a prime number?
False
Is 1013497 prime?
False
Is 1124603 prime?
True
Is 50058937 composite?
True
Is 603385 a composite number?
True
Is 1894985 prime?
False
Is 792809 a prime number?
False
Is 1009859 a composite number?
False
Is 2293559 a composite number?
False
Is 79670674 a composite number?
True
Is 42403379 a composite number?
False
Is 31100917 a composite number?
False
Is 96305129 composite?
True
Is 56114357 a prime number?
False
Is 54474929 a composite number?
False
Is 128738779 a prime number?
False
Is 165528667 prime?
True
Is 581600087 prime?
True
Is 41862011 prime?
False
Is 272863 prime?
True
Is 19164019 prime?
False
Is 2227073 a prime number?
False
Is 2602997 a prime number?
False
Is 2952941 a composite number?
True
Is 114691903 composite?
True
Is 143523893 prime?
False
Is 365639 a composite number?
False
Is 24333503 a prime number?
True
Is 67451107 a composite number?
False
Is 7672481 a composite number?
True
Is 355857457 prime?
True
Is 2499803 composite?
False
Is 39119323 a prime number?
False
Is 12557 composite?
True
Is 334261 a prime number?
True
Is 12207301 prime?
True
Is 2331403 composite?
True
Is 1586971 a composite number?
False
Is 799693 a prime number?
False
Is 411077 prime?
False
Is 4352885 composite?
True
Is 88478933 a prime number?
True
Is 28071547 prime?
False
Is 35006527 a composite number?
False
Is 40063201 a composite number?
False
Is 999218695 a composite number?
True
Is 1756841 a composite number?
True
Is 590459959 prime?
True
Is 9376667 prime?
True
Is 5410741 a composite number?
True
Is 72123863 a prime number?
False
Is 2178041 a composite number?
True
Is 341368187 a prime number?
False
Is 129333797 a composite number?
False
Is 1177997 composite?
False
Is 292735867 a composite number?
False
Is 3673577 a composite number?
False
Is 94401917 prime?
True
Is 5624183 composite?
False
Is 19423409 prime?
False
Is 56981749 prime?
False
Is 850283 a composite number?
True
Is 75047243 prime?
False
Is 15391063 a prime number